
What is the value of 129 - (-11 + -86 + 152)?
74
Calculate -139 - -133 - (-16 - -9).
1
What is the value of (196 - 192 - (1 - (-2 - -8))) + (-255 - -302)?
56
What is (-10 - -25 - 45) + -23?
-53
What is -2 - 12 - (2 - -11) - -15 - -33?
21
Calculate -24 + 48 + -18 - -23.
29
Evaluate (-1 - 26) + (77 - (1 + -47)).
96
Evaluate 11 + 16 + -17 + 46.
56
Evaluate (-73 - -94) + -19 - -69.
71
Evaluate 0 - 13 - 20 - (38 + -7).
-64
Calculate (15222 - 15366) + (39 - 1).
-106
-893 + 879 + (8 - 4) + 35
25
-122 + (25 - (-17 + 46)) - -40
-86
What is the value of -32 - (-12 + 46 + -44)?
-22
Evaluate -115 + 116 - (-5 + 15 + -4).
-5
What is the value of (51 - (10 + 108)) + 95?
28
(16 - 1) + (-15 - (-16 - (-3 - -29)))
42
24 + 0 + (50 - (-54 + 82)) + -31 + 0
15
7 - 121 - (5 + 2 + (7 + -17 - -7))
-118
What is -124 + 180 + (-108 - -52)?
0
What is the value of -38 + (55 - -72 - 32)?
57
What is 71 - (64 + -28 + 56)?
-21
Calculate -10 + (11 + (-15 - (-24 + 32)) - 84).
-106
Evaluate (-5 - (11 + -22 + 14)) + 7 + -52.
-53
Evaluate -43 - (-26 + (4 - (-39 + -12))).
-72
What is the value of 5 + (-380 - -395) + (0 - -3) + -16?
7
Calculate (86 + -59 - 15) + (3 - (17 + 2 + -5)).
1
Calculate 1 + (1 - (-10 + -2)) + (-30 - -10).
-6
Calculate (-52 - -45) + (24 - ((-8 - 4) + 2 + 5)).
22
31 - (-15 + -70 - -107)
9
Evaluate -18 - ((-21 - -6) + (107 - (-3 - -10))).
-103
Calculate (35 + 27 - 19) + -51.
-8
(-1 - 4) + -4 - ((-1 - -40) + -19 + 9)
-38
-7 - ((-47 - -25) + 35)
-20
Calculate 36 - (24 + -2 + (54 - 66)).
26
What is (76 + -84 - 22) + 82?
52
Calculate (-9 - -11) + 79 - 105.
-24
Evaluate (-9 - -22 - -25) + -45 - -46.
39
What is (-1 - 3) + (3 - 2) + (-54 - -10)?
-47
Calculate -333 - 4 - -262 - (-11 - -3 - (1 - 1)).
-67
71 - (98 + -70 - -10)
33
(-6 - ((-12 - -15) + -17)) + -18
-10
What is -4 + 85 - 3 - 45?
33
Calculate 12 + (-30 + 29 - 45).
-34
What is (-14 + (26 - 8) - 27) + 13?
-10
-27 - 14 - ((9 - 13) + 8 - (-20 + 35))
-30
Calculate (1 - -2) + 2 - (22 - (-16 - -62)).
29
What is the value of -55 - (35 + -59 + -78)?
47
Calculate 42 - (-2 - (-21 - -1) - (315 - 310)).
29
0 + -5 + -16 + 1 + 13 - (-2 + 9)
-14
Calculate -389 - -276 - (-69 - -7).
-51
Evaluate -5 - (4 - -83) - ((-1 - (4 - 8)) + -14).
-81
Evaluate 2 + -1 + 4 - (-101 + 138 - 51).
19
What is -18 + 17 + -40 + (1 - -2)?
-38
What is the value of 41 - (-33 - (-88 - 4))?
-18
Evaluate -32 + (-42 - -5) + 124.
55
What is the value of -35 - (9 - 48 - 43)?
47
What is 7 + 24 + (-17 + 5 - (7 + -6))?
18
-122 + (2 - -13) + (-65 - (-12 - 44))
-116
What is the value of -153 + (23 - -60) + 75?
5
Evaluate 2 - (-147 + 155 + -74).
68
What is 0 - -4 - -4 - (73 - (-5 + -53))?
-123
Evaluate 168 + -277 - (-97 + -43).
31
-27 + (-4 - 0) + (6 - -5)
-20
What is the value of 11 + -22 - -40 - ((-2 - 3) + (11 - 7))?
30
What is -11 + 19 - (-60 + 50)?
18
12 + (3 - -1 - -2) + 171 + -74 + -90
25
Evaluate -22 - -19 - (-9 - -1) - (-135 + 49 + 186).
-95
What is 40 + 50 + (-26 - 43 - 20)?
1
(0 - (10 - 2)) + (79 - (8 + -8 + 13))
58
-86 + -63 + 49 + 55 - (-15 + -1)
-29
Evaluate (-7 - -31 - 8 - 2 - -10) + -2 + 0.
22
Calculate (37 - (24 - 40)) + 17 + (-22 - -3).
51
What is 5 + -6 + (-34 - -16) + (-8 - -6)?
-21
Evaluate -4 - (9 + -71 + 4 + (-1 - -9)).
46
Evaluate 3 - 5 - -8 - (1 - (37 - 17)).
25
Calculate 43 - (3 + 41 + 16).
-17
Calculate -59 - (21 + (-12 + 11 - 13) - -10).
-76
0 - -34 - (99 - (54 + 29))
18
Evaluate 7 - (-23 - -19) - -17 - -7.
35
-6086 + 6056 + (-3 + 1 - -23)
-9
What is (-12 - (-8 - 1) - (6 - 19)) + -26 + -125?
-141
What is the value of 3 + -1 + (5 + 13 - 34 - -13) + 5?
4
What is the value of 65 - (-1 - -27 - (-73 - -95) - (1 + 4))?
66
What is the value of 73 - (0 + 2) - (507 - 482)?
46
Calculate -100 + (12 + -8 + 4 + -16 - -30 - 12).
-90
Evaluate (-1 - 36) + (-62 - 7 - -55) + -7.
-58
Calculate (-104 - -105 - (13 + 2)) + 6 + -13.
-21
What is (-55 - -76 - (32 - 6)) + (-1 - 1 - -54)?
47
(62 + 1 - 65) + -20
-22
What is -136 - (0 + -75 - 198)?
137
What is -32 + 53 + 18 + 1?
40
Calculate (19 - (4 - 42)) + -5.
52
Evaluate (-1756 - -1712) + (-4 - -126).
78
What is the value of 6 - -37 - ((16 - -10) + -8)?
25
What is the value of 24 + (-81 + -18 - -37)?
-38
Evaluate 11861 + -11837 + 0 + 23 + -1.
46
-48 - (7 - -8 - 11 - 25)
-27
Evaluate 19 + -2 - (93 + -107 - -52).
-21
What is the value of 2 + (-5 - 1) + 5 + 24 - (-46 - -43)?
28
What is (29 - 1 - (-633 + 653)) + -78?
-70
Calculate -17 + 25 + (10 - 54).
-36
(241 - 357) + -2 + 16 + 11
-91
What is the value of (-21 - (-6 + -70)) + -14?
41
Evaluate -11 + 41 + (82 - 87) - (12 + 2 - 3).
14
What is -212 + -54 + 173 - (-2 - (1 + (-3 - 5)))?
-98
What is the value of -47 + -1 + (1 - -2) + 23 + -61 + 41?
-42
Evaluate (188 - (87 - 9)) + -28.
82
What is -89 - (-38 + -11 + 8)?
-48
What is -11 - ((-1 - (-1 - 7)) + -57 + 66)?
-27
What is the value of -7 - -1 - (-93 - (141 + -146))?
82
What is -6 + (-9 + (7 - (2 - 8)) - 80) + 4?
-78
What is the value of -11 + 32 + (10 - 73) + -17 - -1?
-58
84 - (-12 + 67 + -34)
63
Evaluate 7 + -35 + -6 + (9 - 2 - (-30 + 33)).
-30
What is the value of 86 - (-122 - -94 - -99)?
15
56 - 0 - (1999 + -1968)
25
What is (-46 - (-49 + -48)) + (-16 - 1)?
34
(10 - (36 - 19)) + (-2 - (0 + 5 + -20))
6
Calculate (7 + 14 - (16 + 9)) + 85.
81
Calculate 11 + -9 - 12 - (24 - 7).
-27
What is the value of 8 - 4 - -8 - (-22 - -24)?
10
What is the value of (-109 - (-147 + -24)) + -7?
55
45 + (-60 - -21) - -14
20
Evaluate -28 + (86 - (50 - -31)).
-23
-3 + 16 + (287 + -288 - (0 + 14))
-2
290 + -286 - (1 - (0 - 2)) - (39 + -45)
7
Calculate 19 + -5 + (-309 - -254).
-41
What is (1103 - 1193) + (-5 - 1) + 6 + 13?
-77
-16 + 26 - 13 - -14 - -30
41
What is -1276 + 1294 + 1 + 1?
20
Evaluate (-91 - -67) + (2 - (-4 + -2)).
-16
Calculate (-2 - (-5 + -41)) + (-26 - (-39 - -16)).
41
(6 - (36 + -99)) + -26
43
Calculate -437 + 562 - (-2 - -55).
72
(5 - -19 - 44) + -6
-26
894 + -883 + 44 + 0
55
What is the value of 451 + -468 + -2 + 24 - (-23 - -3)?
25
Evaluate 36 - 23 - (1 - -1) - (-1 + -2).
14
Evaluate -5 + (399 - 421 - (2 - (33 - 1))).
3
Evaluate -165 + 27 + (18 + -7 - 28) + 7.
-148
-41 + 0 + -1 - (-291 + 239 + 38)
-28
What is the value of (26 - 35) + (30 - (7 + 0))?
14
What is -5 - 1 - 0 - ((32 - 34) + 19)?
-23
What is the value of 2 - (37 + (40 - 37))?
-38
Evaluate (366 - (-398 - -670)) + 0 + -37.
57
Evaluate -2 - 37 - (16 - (3 - -3 - -3)).
-46
What is the value of 556 + -591 - (-57 + 2)?
20
What is -3 - (-1 + -4 + (-17 - -41 - 13) + -90)?
81
Calculate -13 + (138 - (57 + (-32 - -6))).
94
Calculate 18 + -74 + -48 + 67.
-37
Evaluate -372 + 363 - (5 - 8).
-6
What is (-14 - ((-22 - -9) + 8)) + (-28 - -81)?
44
What is -6 + 26 - (22 + -19 + (3 - 70))?
84
What is the value of -942 - -928 - (0 + 54)?
-68
What is (135 - 78 - 61) + 0 + 18?
14
Calculate -49 + -1 - (-19 - ((111 - 53) + -83)).
-56
Calculate 24 - (-6 + 5 - (-145 - -100)).
-20
What is -11 + (40 - (17 + -54 - -21))?
45
Evaluate -15 - ((-7 - 11) + -16) - (-3 - 12).
34
What is 8 - (23 + -8 + (72 - 15))?
-64
-3 + (10 - 34 - -49 - 23)
-1
-9 + (-72 - -72) + -31 + 3 + -3
-40
(85 - 229 - -34) + 0
-110
What is the value of (11 + -5 - (19 + -23)) + -31 + -6?
-27
5 + 0 + 16 + 10 + -19 + -51
-39
What is 10 + -75 + 21 + 74?
30
What is the value of 14 - (4 + (3 - 3) + 58 + (-241 - -244))?
-51
What is the value of 28 + (20 - -9 - 27)?
30
Evaluate (7 - (-6 - -16)) + (-6 - -1) + 10.
2
Calculate (-518 + 504 - (-35 + 4)) + 27.
44
What is the value of -1 + 44 - (153 + -122 + (-15 - 30))?
57
Calculate -3 - (13 + -25 + 16 - 17) - 52.
-42
What is the value of 8 + (-21 + 18 + -1 - -16)?
20
What is the value of -111 - (-171 - -44) - (15 + (-1 - -1))?
1
(-338 - -361) + -1 + -56 + -5
-39
Evaluate -4775 + 4800 + 3 + -45.
-17
Calculate 1882 + -1862 + (-1 - -16).
35
(176 + -47 - 39) + -43
47
-9 + (-9 - -8) - (-135 + 128)
-3
(-125 - 2) + 1 + (-16 + 6 - (-112 + 88))
-112
What is 20 + (32 + -57 - -20) + (6 - 36)?
-15
Evaluate 159 - -1 - (-6 + 3 + -2 + 23).
142
-7 + 1 + 21 + -17 - -17
15
-35 + -16 - -41 - (4 - (4 + 24 + 3))
17
What is the value of 41 + -14 + (-19 + 19 - (2 - -3))?
22
17 + -23 + 28 + -11 - (0 + (2 - 0))
9
-3 + 75 - (60 - 23 - 35)
70
What is the value of -16 + -9 + 0 - (-10 - (-10 - (7 - 5)))?
-27
Evaluate (-11 + 2 - (-22 + 3 - -11) - 0) + 3.
2
Evaluate (41 - 29) + (-1 - -44 - (-7 - 0)).
62
3 